48 + -28. What is the greatest common factor of 20 and a?
20
Suppose -3*z + 3*g + 27 = 0, 2*z - 8*g - 8 = -4*g. What is the greatest common divisor of z and 2?
2
Let h be (-2)/4*0 - (14 - 26). Calculate the greatest common divisor of h and 6.
6
Let t be ((-158)/(-4))/(8/16). Let r = t - 54. Calculate the greatest common factor of r and 5.
5
Let u = 8 - -8. Suppose 0 = -2*t + 39 + 567. Suppose -3*a - 735 = -5*g - 0*g, 2*g - t = 3*a. Calculate the greatest common factor of g and u.
16
Suppose -3*c = -0*c - 114. Let s = c + -27. Calculate the highest common divisor of s and 77.
11
Let a be -2*(0 + -14)*1. Let g = -190 + 194. Calculate the highest common factor of a and g.
4
Suppose -3*y = -12 - 21. Suppose -y + 123 = 4*m. Calculate the highest common divisor of m and 42.
14
Suppose -j - 191 = -6*j - 2*y, -2*y - 43 = -j. Calculate the greatest common divisor of 13 and j.
13
Let k = 588 + -575. Let s be (-2)/7 - (-93)/7. Calculate the highest common factor of s and k.
13
Let w(l) be the third derivative of -l**4/24 + l**3 - l**2. Let a be w(2). What is the highest common divisor of 16 and a?
4
Suppose -14 + 2 = -i. Calculate the greatest common divisor of i and 96.
12
Let t(u) = u**3 - 3*u**2 + 4*u - 3. Let l be t(3). Calculate the highest common divisor of 45 and l.
9
Let t(f) = f**3 + 12*f**2 + 13*f. Let s be t(-10). Suppose w - 56 = -w. What is the highest common factor of w and s?
14
Suppose 4 - 6 = -b. Suppose -p - b = -t + 2, p + 1 = 0. Suppose 5 = -4*o + 13. Calculate the highest common divisor of t and o.
1
Let z(s) = 2*s**2 + 5*s + 30. Let u be z(-6). What is the highest common factor of u and 9?
9
Let u = 26 + -18. Let y be (u/(-20))/((-2)/110). Let n be (1 - 0)/(1/22). Calculate the highest common factor of y and n.
22
Let g(v) = -v + 12. Let w be g(8). Suppose -w*k = -79 - 33. Suppose 142 = 2*r + p, -r + p + 278 = 3*r. What is the greatest common divisor of k and r?
14
Let y = -4 + 11. Suppose y = v - 0*v. Let x = v + -5. What is the highest common factor of 5 and x?
1
Suppose -130 + 54 = -4*w. Calculate the greatest common factor of w and 152.
19
Let t = 2 + 0. Suppose 5*f = 2*l + 14, -4*f + 4*l - t*l + 12 = 0. Let o be 2*26/8*f. What is the greatest common factor of 26 and o?
13
Suppose -3*k + 5*j = -6 + 24, 3*k + 5*j - 12 = 0. Let f be 0 + 1/(k - -2). Let o = 13 + -11. What is the greatest common divisor of f and o?
1
Let b be ((-38)/(-4))/((-1)/(-14)). Suppose 0 = h - 74 - b. What is the highest common divisor of 23 and h?
23
Let r = 3 - -2. Suppose 24 = 2*p + 2*p - 5*l, -r*p + 2*l = -13. Calculate the greatest common divisor of 1 and p.
1
Let o = 13 - 8. Let w = -1 + 6. Suppose -w*v + 61 = -14. What is the greatest common divisor of o and v?
5
Let x(v) = v**3 - 5*v**2 - 4*v + 7. Let j be x(5). Let q = j + 14. Calculate the highest common divisor of 2 and q.
1
Let x = 25 + -11. What is the greatest common factor of x and 4?
2
Let z be (-5)/(-1) - (3 + 0). Suppose -z*n + 15 = -57. Let s = -6 + 24. What is the greatest common divisor of s and n?
18
Let y = -18 + 24. What is the highest common divisor of y and 66?
6
Let c = 80 - 57. Calculate the greatest common factor of 161 and c.
23
Let b be 1008/(-27)*-1*3. Let x = 2 + 2. Suppose -2*t = -x*t + b. What is the highest common divisor of 8 and t?
8
Let o(m) = -9*m - 3. Let w be o(-2). What is the highest common factor of 135 and w?
15
Suppose 0*i = i + 50. Let m be i/(-4)*(-8)/(-10). Calculate the highest common divisor of 10 and m.
10
Let z(b) = -b**3 - 3*b**2 + 2*b - 4. Let k be z(-4). Suppose p - 24 = -2*p - 4*s, 4*p + k*s = 28. Calculate the greatest common factor of 36 and p.
4
Let x(g) = -4*g - 6. Let c be x(-5). Let w = c - 5. What is the highest common divisor of 9 and w?
9
Let d = -113 - -225. Calculate the greatest common divisor of d and 28.
28
Let x(m) = -3*m + 3*m + 2 - 4*m + 3*m. Let o be x(-2). What is the highest common divisor of o and 6?
2
Let l be 1/(-2) - 22/(-4). Suppose -3*y - 4*s + 71 = -76, -5*y = 4*s - 237. Let w = 85 - y. Calculate the greatest common factor of l and w.
5
Suppose 0*y = -2*y + 12. Let v be (y/(-4))/(21/(-56)). Suppose -8 + 56 = v*n. What is the greatest common divisor of 108 and n?
12
Let n(v) = 38*v + 2. Let b(w) = w**2 + 16*w + 19. Let y be b(-15). Let i be n(y). Calculate the highest common factor of i and 14.
14
Let w(o) = o - 5. Let y be w(5). Suppose -m = -y*m. Suppose -4*p = -m*p - 2*u - 26, 0 = p + 2*u + 6. What is the highest common factor of 10 and p?
2
Let f = 8 - 1. Suppose i = -2*x + 61, 0 = 3*i - f*i - 20. Calculate the highest common divisor of 3 and x.
3
Let d = 9 + 4. Suppose 2*a - 26 = -r + 6*r, -4*r + 5*a - 14 = 0. Let m = d + r. Calculate the highest common factor of m and 14.
7
Let f be 3350 - 1 - (3 + -6). Let q be f/(-28) + 2/(-7). Let c be (6/(-8))/(2/q). Calculate the greatest common factor of c and 30.
15
Suppose 8*p = 5*p + 45. Calculate the greatest common divisor of p and 3.
3
Let l = -20 - -92. Suppose 0 = 5*m - 25, -5*n - 3*m - 79 = 36. Let q = -18 - n. What is the greatest common divisor of q and l?
8
Let p = 300 + -192. What is the greatest common divisor of 24 and p?
12
Let r(i) = 6*i - 3. Let x be r(2). Let h be ((-3)/x)/(2/(-12)). Suppose 0 = 4*f + 4*n - 28, -2 + 0 = -f - h*n. Calculate the highest common factor of f and 108.
12
Let j = -15 - -26. Let a(f) = -4*f - 4*f**2 + f**3 + 5*f**2 + 4*f + 11. Let r be a(0). What is the highest common divisor of j and r?
11
Suppose -2*p + 63 = 23. What is the highest common factor of 8 and p?
4
Let s = 0 + 9. Suppose 3*g + 2*g - 45 = 0. What is the greatest common divisor of s and g?
9
Let o(k) = 6*k**2. Let h be o(-2). What is the greatest common factor of h and 192?
24
Let b = 61 + -59. What is the greatest common divisor of b and 14?
2
Let l = -146 + 315. Let v = l - 83. Suppose 5*o - 35 = 5*m, -v + 22 = -4*o - 5*m. Calculate the highest common divisor of 77 and o.
11
Suppose 3*u = -4*r + 604, u + 576 = 4*r - 3*u. Let o = -91 + r. Calculate the highest common factor of o and 19.
19
Suppose 0*m + 5*m = 0. Let l(q) = q**2 + 9. Let u be l(m). Calculate the highest common factor of u and 99.
9
Let j = 16 - -64. Suppose 6*y = y + j. What is the greatest common divisor of y and 176?
16
Suppose -3*n + 7*n - 8 = 0. Suppose 0 = 5*y + 5*i + 4 - 29, -4*i = n*y. Calculate the highest common divisor of 110 and y.
10
Let f = 0 + 121. Calculate the greatest common divisor of 11 and f.
11
Suppose -2*s = 9 - 19. Let k(c) = -7*c - 9. Let p be 19/(-3) + 6/(-9). Let u be k(p). What is the greatest common factor of s and u?
5
Suppose -i + 0 = -5. What is the highest common divisor of 20 and i?
5
Suppose 5 = 3*z - 4. Suppose -20 = -3*c + 4. Suppose -c*m = -z*m - 40. Calculate the highest common divisor of m and 72.
8
Let q = 34 + 8. What is the highest common factor of 6 and q?
6
Let x(c) = c**3 + 5*c**2 + 5. Let t be x(-5). Suppose t*n - 11 = 19. Calculate the greatest common factor of 6 and n.
6
Suppose 3*n = 4*b + 38, 7*b = -5*n + 2*b + 5. Calculate the greatest common divisor of 42 and n.
6
Suppose -b - h + 27 = -3, 134 = 4*b - 3*h. Suppose 5*r = a - 40, -a - 2*a - 16 = 2*r. Let k = -4 - r. What is the highest common factor of b and k?
4
Let m(s) = s**3 + 9*s**2 + 4*s + 7. Suppose 0 = -2*o - 0*o - 14. Let f be m(o). What is the highest common divisor of 11 and f?
11
Let s be (-2)/5 - 624/(-10). Let t be 0 + 2 + s + 1. Let b = -21 + 34. What is the highest common divisor of b and t?
13
Let s(d) = 3 - 1 + 3 - 2 - 2*d. Let w be s(-11). Calculate the highest common factor of w and 5.
5
Suppose 3*n + 10 = 28. What is the highest common divisor of n and 54?
6
Let y = -75 + 107. Calculate the greatest common divisor of 160 and y.
32
Let a = 37 + -5. Let w = -18 + a. Suppose -b + w = i, -4*b = 4*i + i - 70. Calculate the greatest common factor of i and 14.
14
Let h = 25 + -5. Suppose 2*q - 28 = -5*d, -q - d - 3*d + h = 0. Suppose 0 = -u + q + 8. What is the highest common factor of 24 and u?
12
Let g(u) = u**3 - 4*u**2 - 9*u + 2. Let r be g(6). Calculate the greatest common factor of r and 8.
4
Suppose -4 = 4*h, 3*h - 71 = -5*v - h. Calculate the greatest common divisor of v and 15.
15
Let v be -2*(0 + -3) - 1. What is the greatest common factor of 15 and v?
5
Let t be (-4)/(-24) + -2 + 